 = 23*q + 775. What is the hundreds digit of q?
1
Suppose -35 = 2*m - x, -5*m = -3*x - 50 + 139. What is the tens digit of 2 - m/6*3?
1
Suppose 5*t + 59 = 269. What is the units digit of t?
2
Suppose -2*i = 3*i - 180. What is the units digit of i?
6
Suppose -8*r + 4*r = -8. Suppose r*v = -2*v. Suppose 5*s - 10 - 15 = v. What is the units digit of s?
5
Suppose 0 = -3*s + s + 6. Suppose -s*b = -54 - 15. What is the tens digit of b?
2
Suppose n + p = 5, -3*n + 0*p = 2*p - 13. What is the units digit of n?
3
Let m(r) = r**3 - 17*r**2 + 9*r - 20. What is the tens digit of m(17)?
3
Let c(d) = 2*d**2 + d + 6. Let j(a) = -5*a**2 - 2*a - 12. Let m(s) = -7*c(s) - 3*j(s). What is the units digit of m(4)?
6
Suppose -3*r = 3*a - 63, 0*r + 9 = r - 5*a. Suppose 5*n - 76 = r. What is the tens digit of n?
1
Suppose 0*v - 18 = -3*v - 3*w, -w - 8 = -v. What is the units digit of v?
7
Suppose -4*l + 0*l + 24 = -5*i, -i - 24 = 4*l. Let k(o) = o + 9. What is the units digit of k(i)?
1
Suppose 3*s - 2*s = -4*h + 40, 3*h = 4*s - 198. What is the tens digit of s?
4
Let z = -142 - -241. What is the units digit of z?
9
Let u(p) = 6*p**2 - 2*p**2 - 3*p**2 - p. Let g = 1 + -3. What is the units digit of u(g)?
6
Let i = -7 + 3. Let p(w) = w**2 + w. Let j be p(i). Suppose 4*h - 3*h = j. What is the units digit of h?
2
What is the units digit of (6/4)/((-72)/(-912))?
9
Let k(r) = r**3 + 8*r**2 + 2*r + 4. Let v(s) be the third derivative of -s**5/60 + s**3/6 - 3*s**2. Let d(x) = -k(x) - 3*v(x). What is the units digit of d(-5)?
3
Suppose -5*x - 21 + 316 = 5*m, -2*m = -5*x - 139. What is the tens digit of m?
6
Let n(j) = -j**2 + 5*j + 3. Let c = 20 + -14. Let d be n(c). Let a = -2 - d. What is the units digit of a?
1
Suppose -3 + 5 = 2*n + 3*k, 0 = -n - 4*k - 4. What is the units digit of n?
4
Let u(j) = -j**3 + 9*j**2 - 7*j - 5. What is the tens digit of u(7)?
4
Let x = 3 - 1. Let y(z) = -6 + 7 - x*z + 1. What is the units digit of y(-2)?
6
Let c(o) = 6*o**2 + 3 + 1 - o - 2*o**3 + o**3 - 4*o. What is the units digit of c(5)?
4
Let z(p) be the second derivative of p**5/10 - 5*p**4/12 + p**3/2 + 3*p**2/2 + 6*p. What is the units digit of z(3)?
1
Let c(s) = -13*s - 7. What is the tens digit of c(-3)?
3
Let t be ((-12)/30)/(1/(-30)). Suppose -w + 12 + t = 0. What is the tens digit of w?
2
Let w = 5 - 20. What is the units digit of (-9)/w - (-17)/5?
4
Suppose -4*m + b - 35 = -2*b, b + 58 = -5*m. Let z = m - -15. Suppose 0 = z*h - 6 - 18. What is the units digit of h?
6
Let r(v) = v. Let c be r(3). Let d = c - 3. Suppose 4*k = t - 4*t + 40, 3*k - 3*t - 9 = d. What is the units digit of k?
7
What is the units digit of 1*(4/3 - 1)*57?
9
What is the units digit of (-63)/(-6)*2/3?
7
Suppose -2*d + i = -3*d + 2, 5*i + 20 = d. Suppose x - 2*t = d, 2*t + t = -5*x - 1. What is the units digit of x?
1
Let w be (-76)/(-8) + 1/2. Let m = 23 - w. Let v = -8 + m. What is the units digit of v?
5
Let z(w) = -w**2 + 4*w + 117. What is the tens digit of z(0)?
1
Suppose -h = 5, 1 = -3*n - 4*h - 16. What is the units digit of n?
1
Let r = -1 + 9. Let f be -6 - (-1 + 0 + -2). Let h = r + f. What is the units digit of h?
5
Let s be 2/(-2) + 4 + -1. Let i(j) = j + 2. Let w be i(s). Suppose 0 = y + 1, -3*b - 6 = -w*b + y. What is the units digit of b?
5
Let q(a) = -a - 8. What is the units digit of q(-17)?
9
Let v(t) = t**3 + 5*t**2 - 6*t + 8. Let q be v(-6). Suppose q*z - 9*z + 23 = 0. What is the tens digit of z?
2
Let o(d) = d**3 + 6*d**2 + 5*d - 4. Suppose 1 = -x - w - 2, 0 = 4*x - 2*w + 18. What is the units digit of o(x)?
8
Let s = -104 - -148. Suppose 40 = 2*n - s. What is the units digit of n?
2
Let q(p) = -p + 7. Let c be q(-7). Let i = c + -4. What is the tens digit of i?
1
Suppose w = 3*x + 6, -3*w + 5*x = -w - 11. Suppose 2*o = -3*o. Suppose o = -c + 8 + w. What is the units digit of c?
1
Let i = 3 + 0. Suppose i - 25 = -2*x. What is the units digit of x?
1
What is the tens digit of -4*(-2 + -9 + 1)?
4
Suppose 4*q + 2*d + 432 = 0, -2*q + 5*d - 178 = 62. What is the units digit of (1/2)/((-5)/q)?
1
Let x be 2/7 - (-58)/(-7). Let v be 11/4 - 2/x. Suppose -3*m + l = v*l - 13, 4*m = l + 32. What is the units digit of m?
7
Suppose 2*m - 71 = -5*b - 2*m, -4*m = b - 27. What is the units digit of b?
1
Suppose 3*k - t - 46 = 0, 76 + 7 = 4*k + 3*t. What is the tens digit of k?
1
Suppose 8*w = 11*w - 54. What is the tens digit of w?
1
Let g be (3 - 5) + 2 + -2. Let u be 0 + (-4 - g)/2. What is the units digit of (0 + u)*1*-6?
6
Suppose -3*z + 0*g = 4*g - 80, -5*g + 125 = 5*z. Let i = z - 14. What is the units digit of i?
6
Let p = -5 + 9. Suppose -p*s + 19 = -13. What is the units digit of s?
8
Suppose -3*b = 2*q - 163, -b = -5*b + 20. What is the tens digit of q?
7
Suppose -5*k - 30 + 5 = 0. What is the units digit of -1 + 12 + (k - -2)?
8
Suppose -w = -0*w + 5*b, 0 = -5*w - b. Suppose w*k - 16 = -4*k. Suppose -9 = -k*y + 15. What is the units digit of y?
6
Let w = -2 + 7. Suppose -51 = -w*a + v, -4*a + v = -0*v - 40. What is the tens digit of a?
1
Let c = 14 + -6. Suppose 2*g + 3 = 3*y - c*y, -g = y + 3. What is the units digit of y?
1
Let v = -5 - -5. Let r(m) = -m**2 + 7*m - 3. Let x(z) = 2*z**2 - 13*z + 5. Let f(h) = -11*r(h) - 6*x(h). What is the units digit of f(v)?
3
Suppose 0 = -w - 0*w + 1. What is the units digit of w?
1
Let p(u) = u**2 + 4*u + 4. Let a be p(-4). What is the units digit of (-4)/(a/(-5)) - 2?
3
Let q = 1 - -3. Suppose -7 = -5*d + 4*d - 4*m, -16 = -q*d - 4*m. Suppose -d*l + 23 = -10. What is the tens digit of l?
1
Let x be (-663)/(-7) + 12/42. Suppose -4*u + x = 3. What is the tens digit of u?
2
Suppose -k = -2*k + 39. Suppose -k - 6 = 5*l. What is the units digit of 4*(-12)/l*3?
6
Let h = -4 + -3. Let v = h - -8. What is the units digit of v?
1
Suppose -4*c = -5*p - 0*c + 197, 5*c = 3*p - 126. Let s = -18 + p. What is the tens digit of s?
1
Suppose -4*j = -5*j + 21. Let d = 22 - j. What is the units digit of d?
1
Let i = -414 + 711. What is the tens digit of i?
9
Let o = -9 - -11. Suppose -2*t - 1 = -m, o*m + 5*t - 52 = -5. What is the units digit of m?
1
Suppose -3*w = 4*i - 688, -5*i - 6*w = -4*w - 860. What is the hundreds digit of i?
1
What is the tens digit of 5 + (2 - -4) + 0/1?
1
Let m be -1 + -2*(-8 - -1). Let z = m + -9. What is the units digit of ((-20)/(-16))/(1/z)?
5
Suppose -4*p + j = -10, j + 2 = 4. What is the units digit of p?
3
Let r be (2 + 4)/2 + -1. Let f = 18 - r. What is the units digit of f?
6
Let i = 42 + -22. What is the units digit of i?
0
Let a(r) = 2*r - 2. Let g be a(4). Let w = -3 + g. Suppose 0 = 5*o + w*x - 37, -4*x - 35 = -3*o - 7. What is the units digit of o?
8
Let r be 4 + (-8 - -4 - -4). What is the tens digit of r/(-3) - 624/(-36)?
1
Let n be (-22)/12 - 2/12. What is the tens digit of (n + -1)*13/(-3)?
1
What is the tens digit of (-370)/(-12) - (-8)/48?
3
Let g = -31 + 21. What is the units digit of (-882)/(-35) - 8/g?
6
Suppose g = -u - 0*g + 39, -4*u + 161 = 5*g. What is the tens digit of u?
3
Let t(q) = 10*q**2 + 2*q + 2. What is the tens digit of t(-2)?
3
Let l = 4 + -3. Let c = 9 - l. Suppose -5 = -c*y + 3*y. What is the units digit of y?
1
Let b(f) = f**3 + 9*f**2 + 6*f - 5. What is the units digit of b(-8)?
1
Let x(k) = k**3 + 13*k**2 + 14*k + 18. What is the hundreds digit of x(-11)?
1
Let s = 169 - -244. What is the tens digit of s?
1
Suppose 2*s - 2*m = 20, 2*s - 7*s + 50 = m. What is the units digit of s?
0
Let s = 390 - 234. What is the tens digit of s?
5
Let m be (-2 + 1)/(1/(-2)). Let o = 8 + m. What is the tens digit of o?
1
Let j = 11 + -9. What is the units digit of j?
2
What is the tens digit of (-4 + -30)/((-4)/8)?
6
Suppose o + 2*o = -15. Let b = o - -8. What is the units digit of b?
3
Suppose k = 2*k. Suppose k*p + 9 = 3*p. What is the units digit of p?
3
Suppose 2*i = 3*i - 3. Suppose -i*f = -2*f + w - 33, 66 = 2*f + 3*w. What is the tens digit of f?
3
Suppose -5*k + 4*k = 18. Let r = 3 + k. Let l = r - -33. What is the tens digit of l?
1
Let o = -31 - -47. Suppose -m = 3*m - v - 12, 2*v = 4*m - o. Suppose -d = 4*n - 2*n - 16, -49 = -5*n + m*d. What is the units digit of n?
9
Suppose 205 = 5*u + 4*n + n, 2*n = 2*u - 94. What is the units digit of u?
4
Suppose -3*v + 4 = -v - 3*g, -v + g = 0. Let o be v/(-6)*63/6